
8
What is the tens digit of 79350738?
3
What is the tens digit of 45527910?
1
What is the thousands digit of 27298084?
8
What is the hundred thousands digit of 64749417?
7
What is the thousands digit of 169091319?
1
What is the billions digit of 1985560127?
1
What is the hundred millions digit of 110504978?
1
What is the units digit of 114079350?
0
What is the units digit of 95188749?
9
What is the hundreds digit of 599538168?
1
What is the ten thousands digit of 40988882?
8
What is the hundred millions digit of 589046450?
5
What is the ten thousands digit of 248860685?
6
What is the units digit of 54449850?
0
What is the ten millions digit of 1364322632?
6
What is the hundreds digit of 746281506?
5
What is the hundred millions digit of 784248316?
7
What is the tens digit of 166597212?
1
What is the hundreds digit of 248989400?
4
What is the tens digit of 49293811?
1
What is the units digit of 128387961?
1
What is the hundred thousands digit of 47845555?
8
What is the ten millions digit of 1692356926?
9
What is the millions digit of 51357865?
1
What is the tens digit of 479850407?
0
What is the thousands digit of 258368733?
8
What is the billions digit of 2089926001?
2
What is the millions digit of 162153711?
2
What is the ten thousands digit of 105072528?
7
What is the hundred millions digit of 3551602213?
5
What is the hundred thousands digit of 118999072?
9
What is the thousands digit of 13065251?
5
What is the thousands digit of 692068443?
8
What is the tens digit of 92443696?
9
What is the hundred millions digit of 138144887?
1
What is the units digit of 43604233?
3
What is the millions digit of 76562868?
6
What is the hundreds digit of 515265845?
8
What is the tens digit of 352106413?
1
What is the ten thousands digit of 88069584?
6
What is the ten millions digit of 243070221?
4
What is the thousands digit of 1554301554?
1
What is the hundred millions digit of 248854738?
2
What is the ten millions digit of 119603266?
1
What is the thousands digit of 267705586?
5
What is the tens digit of 28681026?
2
What is the ten thousands digit of 6237422?
3
What is the millions digit of 1626740918?
6
What is the units digit of 947515751?
1
What is the hundred millions digit of 928301139?
9
What is the tens digit of 1661496542?
4
What is the tens digit of 334517365?
6
What is the millions digit of 1357213193?
7
What is the hundred millions digit of 494760225?
4
What is the hundred thousands digit of 349141789?
1
What is the ten millions digit of 3977198126?
7
What is the hundred millions digit of 676561381?
6
What is the ten thousands digit of 17206262?
0
What is the hundred thousands digit of 16514748?
5
What is the units digit of 31788705?
5
What is the hundreds digit of 330312275?
2
What is the ten millions digit of 1708529931?
0
What is the hundred millions digit of 562270248?
5
What is the hundreds digit of 312809484?
4
What is the hundred thousands digit of 1480165157?
1
What is the thousands digit of 136692447?
2
What is the thousands digit of 1362997051?
7
What is the thousands digit of 3434179395?
9
What is the millions digit of 20394574?
0
What is the thousands digit of 645998812?
8
What is the millions digit of 3382958448?
2
What is the units digit of 94276115?
5
What is the tens digit of 888901569?
6
What is the thousands digit of 59095670?
5
What is the ten millions digit of 1014348563?
1
What is the hundred thousands digit of 154194407?
1
What is the hundreds digit of 192954595?
5
What is the ten millions digit of 94794428?
9
What is the thousands digit of 265830079?
0
What is the ten thousands digit of 505418476?
1
What is the thousands digit of 5536987?
6
What is the units digit of 46597664?
4
What is the millions digit of 5064915593?
4
What is the hundreds digit of 19302286?
2
What is the millions digit of 439064905?
9
What is the hundreds digit of 100776297?
2
What is the hundreds digit of 119208596?
5
What is the millions digit of 1299482554?
9
What is the tens digit of 1733337758?
5
What is the ten thousands digit of 17158055?
5
What is the hundreds digit of 79106914?
9
What is the hundred millions digit of 100253590?
1
What is the hundred millions digit of 6668836644?
6
What is the units digit of 1252669568?
8
What is the ten millions digit of 180836812?
8
What is the ten millions digit of 55423671?
5
What is the hundreds digit of 166117158?
1
What is the hundred thousands digit of 30247156?
2
What is the hundred thousands digit of 4498566168?
5
What is the millions digit of 7326163348?
6
What is the thousands digit of 1040827432?
7
What is the hundred thousands digit of 1032993637?
9
What is the tens digit of 39237810?
1
What is the ten millions digit of 233860998?
3
What is the tens digit of 128898175?
7
What is the ten thousands digit of 3680275272?
7
What is the millions digit of 102022392?
2
What is the hundred millions digit of 1233694956?
2
What is the ten millions digit of 111371409?
1
What is the units digit of 19197289?
9
What is the ten millions digit of 26421964?
2
What is the units digit of 219660643?
3
What is the hundreds digit of 79876862?
8
What is the thousands digit of 111895112?
5
What is the units digit of 147298878?
8
What is the billions digit of 1075754616?
1
What is the hundred thousands digit of 66981905?
9
What is the tens digit of 1509017934?
3
What is the tens digit of 231105028?
2
What is the tens digit of 284342833?
3
What is the ten thousands digit of 67115030?
1
What is the thousands digit of 16741713?
1
What is the ten millions digit of 1441097090?
4
What is the ten millions digit of 371094656?
7
What is the millions digit of 2331616256?
1
What is the hundred millions digit of 335416925?
3
What is the ten thousands digit of 914599696?
9
What is the thousands digit of 99126935?
6
What is the hundreds digit of 47352209?
2
What is the hundreds digit of 32295354?
3
What is the ten thousands digit of 458467689?
6
What is the ten thousands digit of 123308113?
0
What is the tens digit of 301498950?
5
What is the hundred thousands digit of 4981010975?
0
What is the tens digit of 316269643?
4
What is the units digit of 22633936?
6
What is the hundreds digit of 191441257?
2
What is the thousands digit of 215853099?
3
What is the thousands digit of 6338584027?
4
What is the hundred thousands digit of 70928300?
9
What is the units digit of 89199105?
5
What is the hundreds digit of 310881497?
4
What is the hundreds digit of 3715843478?
4
What is the ten thousands digit of 44378710?
7
What is the units digit of 25173847?
7
What is the units digit of 2238171928?
8
What is the billions digit of 1580230729?
1
What is the ten millions digit of 333057787?
3
What is the millions digit of 1344766990?
4
What is the ten thousands digit of 71781574?
8
What is the hundreds digit of 4870903775?
7
What is the hundred thousands digit of 4440109239?
1
What is the ten millions digit of 56745844?
5
What is the ten thousands digit of 34104208?
0
What is the thousands digit of 228708105?
8
What is the hundred millions digit of 225894361?
2
What is the hundreds digit of 7336670?
6
What is the thousands digit of 55149456?
9
What is the units digit of 3339296401?
1
What is the hundreds digit of 442678325?
3
What is the hundreds digit of 2096028663?
6
What is the millions digit of 1742670149?
2
What is the ten thousands digit of 424653953?
5
What is the billions digit of 1192059435?
1
What is the ten thousands digit of 987785661?
8
What is the millions digit of 1517163114?
7
What is the ten thousands digit of 88133262?
3
What is the ten millions digit of 108823571?
0
What is the units digit of 1659290848?
8
What is the thousands digit of 212615?
2
What is the tens digit of 641435966?
6
What is the units digit of 5241907?
7
What is the tens digit of 997554042?
4
What is the tens digit of 2390616892?
9
What is the thousands digit of 642261606?
1
What is the units digit of 116526432?
2
What is the thousands digit of 32123327?
3
What is the billions digit of 2374790856?
2
What is the units digit of 1095148554?
4
What is the hundred thousands digit of 3247731520?
7
What is the ten thousands digit of 2517248066?
4
What is the hundreds digit of 238602477?
4
What is the hundreds digit of 1349833522?
5
What is the hundred thousands digi